{"id":133,"date":"2021-04-25T16:35:04","date_gmt":"2021-04-25T14:35:04","guid":{"rendered":"https:\/\/asbl-ombrage.be\/?page_id=133"},"modified":"2024-10-20T15:12:26","modified_gmt":"2024-10-20T13:12:26","slug":"le-projet","status":"publish","type":"page","link":"https:\/\/asbl-ombrage.be\/?page_id=133","title":{"rendered":"z Le projet"},"content":{"rendered":"<p>[vc_row css_animation=\u00a0\u00bb\u00a0\u00bb row_type=\u00a0\u00bbrow\u00a0\u00bb use_row_as_full_screen_section=\u00a0\u00bbno\u00a0\u00bb type=\u00a0\u00bbfull_width\u00a0\u00bb angled_section=\u00a0\u00bbno\u00a0\u00bb text_align=\u00a0\u00bbleft\u00a0\u00bb background_image_as_pattern=\u00a0\u00bbwithout_pattern\u00a0\u00bb][vc_column][vc_column_text]<span style=\"font-weight: 400;\">Implant\u00e9 dans la ville de Hannut, l<\/span><span style=\"font-weight: 400;\">e centre fonctionne sous le mod\u00e8le de la communaut\u00e9 psycho-socio-th\u00e9rapeutique, \u00e0 partir de laquelle se construisent des <strong>ateliers sp\u00e9cifiques et un programme individualis\u00e9<\/strong>. <\/span><span style=\"font-weight: 400;\">Nous d\u00e9sirons offrir un lieu o\u00f9 vivre et traverser une p\u00e9riode d\u2019angoisse, de d\u00e9pression, une crise personnelle ou familiale, des difficult\u00e9s d\u2019insertion sociale ou de d\u00e9pendance.<\/span><\/p>\n<p>&nbsp;<\/p>\n<p><span style=\"font-weight: 400;\">L&rsquo;usager sera <strong>acteur de son s\u00e9jour<\/strong> en \u00e9tant pr\u00e9sent lors des accueils et en participant quotidiennement aux r\u00e9unions communautaires, aux ateliers th\u00e9rapeutiques, aux groupes de paroles mais aussi aux moments informels, partie int\u00e9grante de la vie au centre.<\/span><\/p>\n<div id=\"ConnectiveDocSignExtentionInstalled\" data-extension-version=\"1.0.4\"><\/div>\n<p>[\/vc_column_text][\/vc_column][\/vc_row][vc_row css_animation=\u00a0\u00bb\u00a0\u00bb row_type=\u00a0\u00bbrow\u00a0\u00bb use_row_as_full_screen_section=\u00a0\u00bbno\u00a0\u00bb type=\u00a0\u00bbfull_width\u00a0\u00bb angled_section=\u00a0\u00bbno\u00a0\u00bb text_align=\u00a0\u00bbleft\u00a0\u00bb background_image_as_pattern=\u00a0\u00bbwithout_pattern\u00a0\u00bb][vc_column][vc_column_text]<\/p>\n<div id=\"ConnectiveDocSignExtentionInstalled\" data-extension-version=\"1.0.4\"><\/div>\n<p>[\/vc_column_text][\/vc_column][\/vc_row]<\/p>\n","protected":false},"excerpt":{"rendered":"<p>[vc_row css_animation=\u00a0\u00bb\u00a0\u00bb row_type=\u00a0\u00bbrow\u00a0\u00bb use_row_as_full_screen_section=\u00a0\u00bbno\u00a0\u00bb type=\u00a0\u00bbfull_width\u00a0\u00bb angled_section=\u00a0\u00bbno\u00a0\u00bb text_align=\u00a0\u00bbleft\u00a0\u00bb background_image_as_pattern=\u00a0\u00bbwithout_pattern\u00a0\u00bb][vc_column][vc_column_text]Implant\u00e9 dans la ville de Hannut, le centre fonctionne sous le mod\u00e8le de la communaut\u00e9 psycho-socio-th\u00e9rapeutique, \u00e0 partir de laquelle se construisent des ateliers sp\u00e9cifiques et un programme individualis\u00e9. Nous d\u00e9sirons offrir un lieu o\u00f9 vivre et traverser&#8230;<\/p>\n","protected":false},"author":3,"featured_media":0,"parent":0,"menu_order":0,"comment_status":"closed","ping_status":"closed","template":"","meta":{"footnotes":""},"class_list":["post-133","page","type-page","status-publish","hentry"],"_links":{"self":[{"href":"https:\/\/asbl-ombrage.be\/index.php?rest_route=\/wp\/v2\/pages\/133","targetHints":{"allow":["GET"]}}],"collection":[{"href":"https:\/\/asbl-ombrage.be\/index.php?rest_route=\/wp\/v2\/pages"}],"about":[{"href":"https:\/\/asbl-ombrage.be\/index.php?rest_route=\/wp\/v2\/types\/page"}],"author":[{"embeddable":true,"href":"https:\/\/asbl-ombrage.be\/index.php?rest_route=\/wp\/v2\/users\/3"}],"replies":[{"embeddable":true,"href":"https:\/\/asbl-ombrage.be\/index.php?rest_route=%2Fwp%2Fv2%2Fcomments&post=133"}],"version-history":[{"count":9,"href":"https:\/\/asbl-ombrage.be\/index.php?rest_route=\/wp\/v2\/pages\/133\/revisions"}],"predecessor-version":[{"id":562,"href":"https:\/\/asbl-ombrage.be\/index.php?rest_route=\/wp\/v2\/pages\/133\/revisions\/562"}],"wp:attachment":[{"href":"https:\/\/asbl-ombrage.be\/index.php?rest_route=%2Fwp%2Fv2%2Fmedia&parent=133"}],"curies":[{"name":"wp","href":"https:\/\/api.w.org\/{rel}","templated":true}]}}