{"id":528,"date":"2024-10-20T14:25:43","date_gmt":"2024-10-20T12:25:43","guid":{"rendered":"https:\/\/asbl-ombrage.be\/?page_id=528"},"modified":"2026-02-25T12:12:41","modified_gmt":"2026-02-25T11:12:41","slug":"module-de-base-medicament","status":"publish","type":"page","link":"https:\/\/asbl-ombrage.be\/?page_id=528","title":{"rendered":"Module de base \u00ab\u00a0m\u00e9dicament\u00a0\u00bb"},"content":{"rendered":"\n<p>\u00a0Ce module de base vise \u00e0 sensibiliser les professionnels \u00e0 l\u2019usage des m\u00e9dicaments psychoactifs ou agissant sur la sant\u00e9 mentale. Il offre une pr\u00e9sentation claire des produits, de leurs effets et des risques associ\u00e9s, enrichie par des avis d\u2019experts qui viendront \u00e9clairer les participants avec leur regard sp\u00e9cialis\u00e9.<br><\/p>\n\n\n\n<p>La formation se veut dynamique, interactive et non jugeante. Elle encourage les \u00e9changes, les questions et l\u2019analyse des pratiques professionnelles. Un volet particulier<br>sera consacr\u00e9 aux t\u00e9moignages et exp\u00e9riences d\u2019usagers, afin de mieux comprendre leurs r\u00e9alit\u00e9s et leurs besoins.<br>Nous aborderons notamment : Comment entrer en relation avec un usager et aborder la question des consommations de mani\u00e8re ad\u00e9quate ; Les pistes d\u2019accompagnement possibles, adapt\u00e9es aux diff\u00e9rentes situations rencontr\u00e9es ; Le r\u00f4le et les d\u00e9fis rencontr\u00e9s par les professionnels face \u00e0 la prise en charge ; Les messages essentiels de r\u00e9duction des risques \u00e0 transmettre ; Les r\u00e9f\u00e9rencements vers les services d\u2019aide et de soins pertinents sur le territoire Li\u00e8ge\/ Huy-Waremme.<br><\/p>\n\n\n\n<p>Nous explorerons \u00e9galement les liens entre d\u00e9pendance aux m\u00e9dicaments, traitements prescrits, maladies chroniques et sant\u00e9 mentale. Pour soutenir votre pratique quotidienne, nous \u00e9changerons autour des rep\u00e9rages de situations de d\u00e9pendance, des \u00ab bonnes pratiques \u00bb d\u2019accompagnement et des savoirs \u00e0 transmettre, qu\u2019il s\u2019agisse d\u2019objectifs d\u2019abstinence ou de r\u00e9duction des risques. Enfin, chaque module comprend une animation pratique. Dans ce module-ci, vous participerez \u00e0 un petit atelier r\u00e9flexif \u00e0 partir d\u2019une situation concr\u00e8te, afin de favoriser l\u2019int\u00e9gration des contenus et la mise en application de vos apprentissages.<\/p>\n\n\n\n<h2 class=\"wp-block-heading\">En pratique<\/h2>\n\n\n\n<p><strong>Lieu&nbsp;:<\/strong>&nbsp;dans les locaux de l&rsquo;ASBL Ombrage,&nbsp;<a href=\"https:\/\/www.google.com\/maps\/search\/6+rue+de+Tirlemont+%C3%A0+4280+Hannut?entry=gmail&amp;source=g\" target=\"_blank\" rel=\"noreferrer noopener\">6 rue de Tirlemont \u00e0 4280 Hannut<\/a>.&nbsp;<\/p>\n\n\n\n<p><strong>Dates\u00a0:\u00a0<\/strong>7\/09\/2029 de 9h30 \u00e0 16h<\/p>\n","protected":false},"excerpt":{"rendered":"<p>\u00a0Ce module de base vise \u00e0 sensibiliser les professionnels \u00e0 l\u2019usage des m\u00e9dicaments psychoactifs ou agissant sur la sant\u00e9 mentale. Il offre une pr\u00e9sentation claire des produits, de leurs effets et des risques associ\u00e9s, enrichie par des avis d\u2019experts qui viendront \u00e9clairer les participants avec&#8230;<\/p>\n","protected":false},"author":6,"featured_media":0,"parent":0,"menu_order":0,"comment_status":"closed","ping_status":"closed","template":"","meta":{"footnotes":""},"class_list":["post-528","page","type-page","status-publish","hentry"],"_links":{"self":[{"href":"https:\/\/asbl-ombrage.be\/index.php?rest_route=\/wp\/v2\/pages\/528","targetHints":{"allow":["GET"]}}],"collection":[{"href":"https:\/\/asbl-ombrage.be\/index.php?rest_route=\/wp\/v2\/pages"}],"about":[{"href":"https:\/\/asbl-ombrage.be\/index.php?rest_route=\/wp\/v2\/types\/page"}],"author":[{"embeddable":true,"href":"https:\/\/asbl-ombrage.be\/index.php?rest_route=\/wp\/v2\/users\/6"}],"replies":[{"embeddable":true,"href":"https:\/\/asbl-ombrage.be\/index.php?rest_route=%2Fwp%2Fv2%2Fcomments&post=528"}],"version-history":[{"count":5,"href":"https:\/\/asbl-ombrage.be\/index.php?rest_route=\/wp\/v2\/pages\/528\/revisions"}],"predecessor-version":[{"id":789,"href":"https:\/\/asbl-ombrage.be\/index.php?rest_route=\/wp\/v2\/pages\/528\/revisions\/789"}],"wp:attachment":[{"href":"https:\/\/asbl-ombrage.be\/index.php?rest_route=%2Fwp%2Fv2%2Fmedia&parent=528"}],"curies":[{"name":"wp","href":"https:\/\/api.w.org\/{rel}","templated":true}]}}

Module de base « médicament »

<p> Ce module de base vise à sensibiliser les professionnels à l’usage des médicaments psychoactifs ou agissant sur la santé mentale. Il offre une présentation claire des produits, de leurs effets et des risques associés, enrichie par des avis d’experts qui viendront éclairer les participants avec leur regard spécialisé.<br></p>



<p>La formation se veut dynamique, interactive et non jugeante. Elle encourage les échanges, les questions et l’analyse des pratiques professionnelles. Un volet particulier<br>sera consacré aux témoignages et expériences d’usagers, afin de mieux comprendre leurs réalités et leurs besoins.<br>Nous aborderons notamment : Comment entrer en relation avec un usager et aborder la question des consommations de manière adéquate ; Les pistes d’accompagnement possibles, adaptées aux différentes situations rencontrées ; Le rôle et les défis rencontrés par les professionnels face à la prise en charge ; Les messages essentiels de réduction des risques à transmettre ; Les référencements vers les services d’aide et de soins pertinents sur le territoire Liège/ Huy-Waremme.<br></p>



<p>Nous explorerons également les liens entre dépendance aux médicaments, traitements prescrits, maladies chroniques et santé mentale. Pour soutenir votre pratique quotidienne, nous échangerons autour des repérages de situations de dépendance, des « bonnes pratiques » d’accompagnement et des savoirs à transmettre, qu’il s’agisse d’objectifs d’abstinence ou de réduction des risques. Enfin, chaque module comprend une animation pratique. Dans ce module-ci, vous participerez à un petit atelier réflexif à partir d’une situation concrète, afin de favoriser l’intégration des contenus et la mise en application de vos apprentissages.</p>



<h2 class="wp-block-heading">En pratique</h2>



<p><strong>Lieu&nbsp;:</strong>&nbsp;dans les locaux de l&rsquo;ASBL Ombrage,&nbsp;<a href="https://www.google.com/maps/search/6+rue+de+Tirlemont+%C3%A0+4280+Hannut?entry=gmail&amp;source=g" target="_blank" rel="noreferrer noopener">6 rue de Tirlemont à 4280 Hannut</a>.&nbsp;</p>



<p><strong>Dates : </strong>7/09/2029 de 9h30 à 16h</p>

<p> Ce module de base vise à sensibiliser les professionnels à l’usage des médicaments psychoactifs ou agissant sur la santé mentale. Il offre une présentation claire des produits, de leurs effets et des risques associés, enrichie par des avis d’experts qui viendront éclairer les participants avec&#8230;</p>
