{"id":540,"date":"2024-10-20T14:27:23","date_gmt":"2024-10-20T12:27:23","guid":{"rendered":"https:\/\/asbl-ombrage.be\/?page_id=540"},"modified":"2026-02-25T12:25:31","modified_gmt":"2026-02-25T11:25:31","slug":"intervention-dequipe","status":"publish","type":"page","link":"https:\/\/asbl-ombrage.be\/?page_id=540","title":{"rendered":"Intervision d&rsquo;\u00e9quipe"},"content":{"rendered":"\n<p>L&rsquo;intervision clinique sert aux professionnels \u00e0 \u00e9changer sur des situations de travail complexes en lien avec les assu\u00e9tudes, briser l&rsquo;isolement et am\u00e9liorer<br>collectivement leurs pratiques gr\u00e2ce \u00e0 un soutien par les pairs, dans un cadre bienveillant et confidentiel, pour enrichir leurs r\u00e9flexions et trouver des solutions<br>communes sans jugement, en s&rsquo;appuyant sur l&rsquo; exp\u00e9rience de chacun.<br><\/p>\n\n\n\n<p>Concr\u00e8tement, elle permet d\u2019analyser ensemble des situations complexes, de b\u00e9n\u00e9ficier des exp\u00e9riences des autres et de r\u00e9fl\u00e9chir \u00e0 de nouvelles fa\u00e7ons<br>d\u2019agir. Ombrage accompagne la discussion, avec un r\u00f4le d\u2019expert. \u00c0 la diff\u00e9rence de la supervision, l\u2019intervision repose sur le partage entre pairs. Elle aide \u00e0 prendre du recul, \u00e0 harmoniser les pratiques, \u00e0 gagner en autonomie et \u00e0 am\u00e9liorer la qualit\u00e9 du travail au quotidien.<\/p>\n\n\n\n<h2 class=\"wp-block-heading\">En pratique<\/h2>\n\n\n\n<p>Quand ? A d\u00e9finir avec le service les lundis &#8211; mardis &#8211; jeudis ou vendredis, entre 9h et 16h.<br>Chaque intervision dure 2h30.<br><\/p>\n\n\n\n<p>Comment ? A la demande du service &#8211; prise de contact avec l\u2019ASBL Ombrage par mail ou par t\u00e9l\u00e9phone. 019\/51.56.26 ou asblombrage@gmail.com<br><\/p>\n\n\n\n<p>O\u00f9 ? L\u2019ASBL Ombrage se d\u00e9place dans toute la zone Huy-Waremme ainsi que les communes limitrophes de Hannut (Jodoigne, H\u00e9l\u00e9cine, Orp, Landen, \u2026)<br><\/p>\n\n\n\n<p>Combien ? l\u2019intervision est fix\u00e9e \u00e0 60 \u20ac\/la s\u00e9ance, hors frais de d\u00e9placement.<br><\/p>\n\n\n\n<p>Le nombre de participant : Minimum 4 personnes. Maximum 15 personnes<\/p>\n","protected":false},"excerpt":{"rendered":"<p>L&rsquo;intervision clinique sert aux professionnels \u00e0 \u00e9changer sur des situations de travail complexes en lien avec les assu\u00e9tudes, briser l&rsquo;isolement et am\u00e9liorercollectivement leurs pratiques gr\u00e2ce \u00e0 un soutien par les pairs, dans un cadre bienveillant et confidentiel, pour enrichir leurs r\u00e9flexions et trouver des solutionscommunes&#8230;<\/p>\n","protected":false},"author":6,"featured_media":0,"parent":0,"menu_order":0,"comment_status":"closed","ping_status":"closed","template":"","meta":{"footnotes":""},"class_list":["post-540","page","type-page","status-publish","hentry"],"_links":{"self":[{"href":"https:\/\/asbl-ombrage.be\/index.php?rest_route=\/wp\/v2\/pages\/540","targetHints":{"allow":["GET"]}}],"collection":[{"href":"https:\/\/asbl-ombrage.be\/index.php?rest_route=\/wp\/v2\/pages"}],"about":[{"href":"https:\/\/asbl-ombrage.be\/index.php?rest_route=\/wp\/v2\/types\/page"}],"author":[{"embeddable":true,"href":"https:\/\/asbl-ombrage.be\/index.php?rest_route=\/wp\/v2\/users\/6"}],"replies":[{"embeddable":true,"href":"https:\/\/asbl-ombrage.be\/index.php?rest_route=%2Fwp%2Fv2%2Fcomments&post=540"}],"version-history":[{"count":7,"href":"https:\/\/asbl-ombrage.be\/index.php?rest_route=\/wp\/v2\/pages\/540\/revisions"}],"predecessor-version":[{"id":796,"href":"https:\/\/asbl-ombrage.be\/index.php?rest_route=\/wp\/v2\/pages\/540\/revisions\/796"}],"wp:attachment":[{"href":"https:\/\/asbl-ombrage.be\/index.php?rest_route=%2Fwp%2Fv2%2Fmedia&parent=540"}],"curies":[{"name":"wp","href":"https:\/\/api.w.org\/{rel}","templated":true}]}}