{"id":545,"date":"2024-10-20T14:46:59","date_gmt":"2024-10-20T12:46:59","guid":{"rendered":"https:\/\/asbl-ombrage.be\/?page_id=545"},"modified":"2026-02-25T12:48:41","modified_gmt":"2026-02-25T11:48:41","slug":"appel-aux-dons","status":"publish","type":"page","link":"https:\/\/asbl-ombrage.be\/?page_id=545","title":{"rendered":"Nous aider"},"content":{"rendered":"\n<p><strong>Soutenez les actions de l\u2019ASBL Ombrage<\/strong><\/p>\n\n\n\n<p>Afin de poursuivre et d\u00e9velopper nos projets, nous faisons appel \u00e0 la g\u00e9n\u00e9rosit\u00e9 du public. Chaque contribution, quelle que soit son importance, nous aide concr\u00e8tement \u00e0 mener \u00e0 bien nos actions et \u00e0 renforcer notre impact.<\/p>\n\n\n\n<p>Les personnes qui souhaitent nous soutenir peuvent effectuer un don financier sur le compte de l\u2019<strong>ASBL Ombrage<\/strong> :<br><strong>IBAN : BE19 0689 3365 2612<\/strong><br>avec la communication : <strong>\u201cDon\u201d<\/strong>.<\/p>\n\n\n\n<p>Les dons mat\u00e9riels sont \u00e9galement les bienvenus, qu\u2019il s\u2019agisse d\u2019\u00e9quipements ou d\u2019am\u00e9nagements destin\u00e9s \u00e0 notre logement, ou encore de fournitures pour nos ateliers cr\u00e9atifs. N\u2019h\u00e9sitez pas \u00e0 nous contacter par t\u00e9l\u00e9phone pour organiser ces contributions.<\/p>\n\n\n\n<p>Nous sommes aussi ouverts aux soutiens plus cons\u00e9quents, notamment dans le cadre de nos lev\u00e9es de fonds pour l\u2019acquisition de deux b\u00e2timents n\u00e9cessaires au d\u00e9veloppement de nos activit\u00e9s. Pour les dons importants ou les donations notari\u00e9es, nous invitons les personnes int\u00e9ress\u00e9es \u00e0 prendre directement contact avec nous afin d\u2019obtenir toutes les informations utiles.<\/p>\n\n\n\n<p>Chaque geste compte.<br>Nous remercions chaleureusement toutes les personnes qui choisiront de soutenir l\u2019ASBL Ombrage pour leur confiance et leur g\u00e9n\u00e9rosit\u00e9.<\/p>\n","protected":false},"excerpt":{"rendered":"<p>Soutenez les actions de l\u2019ASBL Ombrage Afin de poursuivre et d\u00e9velopper nos projets, nous faisons appel \u00e0 la g\u00e9n\u00e9rosit\u00e9 du public. Chaque contribution, quelle que soit son importance, nous aide concr\u00e8tement \u00e0 mener \u00e0 bien nos actions et \u00e0 renforcer notre impact. Les personnes qui&#8230;<\/p>\n","protected":false},"author":6,"featured_media":0,"parent":0,"menu_order":0,"comment_status":"closed","ping_status":"closed","template":"","meta":{"footnotes":""},"class_list":["post-545","page","type-page","status-publish","hentry"],"_links":{"self":[{"href":"https:\/\/asbl-ombrage.be\/index.php?rest_route=\/wp\/v2\/pages\/545","targetHints":{"allow":["GET"]}}],"collection":[{"href":"https:\/\/asbl-ombrage.be\/index.php?rest_route=\/wp\/v2\/pages"}],"about":[{"href":"https:\/\/asbl-ombrage.be\/index.php?rest_route=\/wp\/v2\/types\/page"}],"author":[{"embeddable":true,"href":"https:\/\/asbl-ombrage.be\/index.php?rest_route=\/wp\/v2\/users\/6"}],"replies":[{"embeddable":true,"href":"https:\/\/asbl-ombrage.be\/index.php?rest_route=%2Fwp%2Fv2%2Fcomments&post=545"}],"version-history":[{"count":3,"href":"https:\/\/asbl-ombrage.be\/index.php?rest_route=\/wp\/v2\/pages\/545\/revisions"}],"predecessor-version":[{"id":806,"href":"https:\/\/asbl-ombrage.be\/index.php?rest_route=\/wp\/v2\/pages\/545\/revisions\/806"}],"wp:attachment":[{"href":"https:\/\/asbl-ombrage.be\/index.php?rest_route=%2Fwp%2Fv2%2Fmedia&parent=545"}],"curies":[{"name":"wp","href":"https:\/\/api.w.org\/{rel}","templated":true}]}}