{"id":548,"date":"2024-10-20T14:47:22","date_gmt":"2024-10-20T12:47:22","guid":{"rendered":"https:\/\/asbl-ombrage.be\/?page_id=548"},"modified":"2026-04-02T10:34:58","modified_gmt":"2026-04-02T08:34:58","slug":"evenements","status":"publish","type":"page","link":"https:\/\/asbl-ombrage.be\/?page_id=548","title":{"rendered":"Evenements"},"content":{"rendered":"\n<p><img loading=\"lazy\" decoding=\"async\" height=\"16\" width=\"16\" alt=\"\ud83c\udf33\" src=\"https:\/\/static.xx.fbcdn.net\/images\/emoji.php\/v9\/t6b\/1\/16\/1f333.png\">Retour sur notre souper annuel <img loading=\"lazy\" decoding=\"async\" height=\"16\" width=\"16\" alt=\"\ud83c\udf33\" src=\"https:\/\/static.xx.fbcdn.net\/images\/emoji.php\/v9\/t6b\/1\/16\/1f333.png\"><\/p>\n\n\n\n<p>Notre souper annuel a \u00e9t\u00e9 une v\u00e9ritable r\u00e9ussite ! Une belle soir\u00e9e plac\u00e9e sous le signe de la convivialit\u00e9, des rencontres et du partage<\/p>\n\n\n\n<p>Nous tenons \u00e0 remercier chaleureusement toutes les personnes pr\u00e9sentes, les b\u00e9n\u00e9voles notamment Marie et Lina nos f\u00e9es de cuisine, ainsi que celles et ceux qui ont contribu\u00e9, de pr\u00e8s ou de loin, \u00e0 l\u2019organisation de cet \u00e9v\u00e9nement. Votre pr\u00e9sence et votre soutien font toute la diff\u00e9rence !<\/p>\n\n\n\n<p>Un merci tout particulier \u00e0 nos partenaires pour leurs g\u00e9n\u00e9reux dons, notamment l&rsquo;Intermarch\u00e9 d&rsquo;Hannut et <a href=\"https:\/\/www.facebook.com\/sparhelecine?__cft__[0]=AZa-ZWokMwOerbRvSlSdqY3lwN_JeaNA7gh8IAvAJAb0O7O1HQWOpZyAoDbq_xPcO-QcvZD1XOuRG7lW0sOVOk695Fv_2BP7mUZO04GI_xANA7EOuHygU-Uu_T3DgEG7ePv9zcHtfcDIwjaf7vtWGM51jx4n462E6j7F1iBEF_ulqA&amp;__tn__=-]K-R\">SPAR H\u00e9l\u00e9cine<\/a>, qui ont largement contribu\u00e9 au succ\u00e8s de la soir\u00e9e <img loading=\"lazy\" decoding=\"async\" height=\"16\" width=\"16\" alt=\"\ud83d\ude4f\" src=\"https:\/\/static.xx.fbcdn.net\/images\/emoji.php\/v9\/t80\/1\/16\/1f64f.png\"><\/p>\n\n\n\n<p>Gr\u00e2ce \u00e0 vous, cette \u00e9dition restera un tr\u00e8s beau souvenir. Nous avons d\u00e9j\u00e0 h\u00e2te de vous retrouver l\u2019ann\u00e9e prochaine !<\/p>\n\n\n\n<p>L\u2019\u00e9quipe de l&rsquo;<a href=\"https:\/\/www.facebook.com\/people\/ASBL-Ombrage\/100081253300032\/?__cft__[0]=AZa-ZWokMwOerbRvSlSdqY3lwN_JeaNA7gh8IAvAJAb0O7O1HQWOpZyAoDbq_xPcO-QcvZD1XOuRG7lW0sOVOk695Fv_2BP7mUZO04GI_xANA7EOuHygU-Uu_T3DgEG7ePv9zcHtfcDIwjaf7vtWGM51jx4n462E6j7F1iBEF_ulqA&amp;__tn__=-]K-R\">ASBL Ombrage<\/a><br><\/p>\n\n\n\n<p><\/p>\n\n\n\n<div class=\"wp-block-columns is-layout-flex wp-container-core-columns-is-layout-9d6595d7 wp-block-columns-is-layout-flex\">\n<div class=\"wp-block-column is-layout-flow wp-block-column-is-layout-flow\" style=\"flex-basis:100%\">\n<figure class=\"wp-block-image size-full\"><img loading=\"lazy\" decoding=\"async\" width=\"891\" height=\"720\" src=\"https:\/\/asbl-ombrage.be\/wp-content\/uploads\/2026\/04\/equipe-souper.jpg\" alt=\"\" class=\"wp-image-848\" srcset=\"https:\/\/asbl-ombrage.be\/wp-content\/uploads\/2026\/04\/equipe-souper.jpg 891w, https:\/\/asbl-ombrage.be\/wp-content\/uploads\/2026\/04\/equipe-souper-300x242.jpg 300w, https:\/\/asbl-ombrage.be\/wp-content\/uploads\/2026\/04\/equipe-souper-768x621.jpg 768w, https:\/\/asbl-ombrage.be\/wp-content\/uploads\/2026\/04\/equipe-souper-700x566.jpg 700w\" sizes=\"auto, (max-width: 891px) 100vw, 891px\" \/><\/figure>\n<\/div>\n<\/div>\n\n\n\n<div class=\"wp-block-columns is-layout-flex wp-container-core-columns-is-layout-9d6595d7 wp-block-columns-is-layout-flex\">\n<div class=\"wp-block-column is-layout-flow wp-block-column-is-layout-flow\" style=\"flex-basis:100%\">\n<figure class=\"wp-block-image size-full\"><img loading=\"lazy\" decoding=\"async\" width=\"720\" height=\"960\" src=\"https:\/\/asbl-ombrage.be\/wp-content\/uploads\/2026\/04\/Equipe-souper-2.jpg\" alt=\"\" class=\"wp-image-846\" srcset=\"https:\/\/asbl-ombrage.be\/wp-content\/uploads\/2026\/04\/Equipe-souper-2.jpg 720w, https:\/\/asbl-ombrage.be\/wp-content\/uploads\/2026\/04\/Equipe-souper-2-225x300.jpg 225w, https:\/\/asbl-ombrage.be\/wp-content\/uploads\/2026\/04\/Equipe-souper-2-600x800.jpg 600w, https:\/\/asbl-ombrage.be\/wp-content\/uploads\/2026\/04\/Equipe-souper-2-700x933.jpg 700w\" sizes=\"auto, (max-width: 720px) 100vw, 720px\" \/><\/figure>\n<\/div>\n<\/div>\n\n\n\n<div class=\"wp-block-columns is-layout-flex wp-container-core-columns-is-layout-9d6595d7 wp-block-columns-is-layout-flex\">\n<div class=\"wp-block-column is-layout-flow wp-block-column-is-layout-flow\" style=\"flex-basis:100%\">\n<figure class=\"wp-block-image size-full\"><img loading=\"lazy\" decoding=\"async\" width=\"960\" height=\"720\" src=\"https:\/\/asbl-ombrage.be\/wp-content\/uploads\/2026\/04\/equipe-souper-1.jpg\" alt=\"\" class=\"wp-image-845\" srcset=\"https:\/\/asbl-ombrage.be\/wp-content\/uploads\/2026\/04\/equipe-souper-1.jpg 960w, https:\/\/asbl-ombrage.be\/wp-content\/uploads\/2026\/04\/equipe-souper-1-300x225.jpg 300w, https:\/\/asbl-ombrage.be\/wp-content\/uploads\/2026\/04\/equipe-souper-1-768x576.jpg 768w, https:\/\/asbl-ombrage.be\/wp-content\/uploads\/2026\/04\/equipe-souper-1-800x600.jpg 800w, https:\/\/asbl-ombrage.be\/wp-content\/uploads\/2026\/04\/equipe-souper-1-700x525.jpg 700w\" sizes=\"auto, (max-width: 960px) 100vw, 960px\" \/><\/figure>\n<\/div>\n<\/div>\n\n\n\n<figure class=\"wp-block-image size-large\"><img loading=\"lazy\" decoding=\"async\" width=\"1024\" height=\"473\" src=\"https:\/\/asbl-ombrage.be\/wp-content\/uploads\/2026\/04\/Equipe-souper-3-1024x473.jpg\" alt=\"\" class=\"wp-image-847\" srcset=\"https:\/\/asbl-ombrage.be\/wp-content\/uploads\/2026\/04\/Equipe-souper-3-1024x473.jpg 1024w, https:\/\/asbl-ombrage.be\/wp-content\/uploads\/2026\/04\/Equipe-souper-3-300x138.jpg 300w, https:\/\/asbl-ombrage.be\/wp-content\/uploads\/2026\/04\/Equipe-souper-3-768x354.jpg 768w, https:\/\/asbl-ombrage.be\/wp-content\/uploads\/2026\/04\/Equipe-souper-3-1536x709.jpg 1536w, https:\/\/asbl-ombrage.be\/wp-content\/uploads\/2026\/04\/Equipe-souper-3-700x323.jpg 700w, https:\/\/asbl-ombrage.be\/wp-content\/uploads\/2026\/04\/Equipe-souper-3.jpg 1560w\" sizes=\"auto, (max-width: 1024px) 100vw, 1024px\" \/><\/figure>\n","protected":false},"excerpt":{"rendered":"<p>Retour sur notre souper annuel Notre souper annuel a \u00e9t\u00e9 une v\u00e9ritable r\u00e9ussite ! Une belle soir\u00e9e plac\u00e9e sous le signe de la convivialit\u00e9, des rencontres et du partage Nous tenons \u00e0 remercier chaleureusement toutes les personnes pr\u00e9sentes, les b\u00e9n\u00e9voles notamment Marie et Lina nos&#8230;<\/p>\n","protected":false},"author":6,"featured_media":0,"parent":0,"menu_order":0,"comment_status":"closed","ping_status":"closed","template":"","meta":{"footnotes":""},"class_list":["post-548","page","type-page","status-publish","hentry"],"_links":{"self":[{"href":"https:\/\/asbl-ombrage.be\/index.php?rest_route=\/wp\/v2\/pages\/548","targetHints":{"allow":["GET"]}}],"collection":[{"href":"https:\/\/asbl-ombrage.be\/index.php?rest_route=\/wp\/v2\/pages"}],"about":[{"href":"https:\/\/asbl-ombrage.be\/index.php?rest_route=\/wp\/v2\/types\/page"}],"author":[{"embeddable":true,"href":"https:\/\/asbl-ombrage.be\/index.php?rest_route=\/wp\/v2\/users\/6"}],"replies":[{"embeddable":true,"href":"https:\/\/asbl-ombrage.be\/index.php?rest_route=%2Fwp%2Fv2%2Fcomments&post=548"}],"version-history":[{"count":6,"href":"https:\/\/asbl-ombrage.be\/index.php?rest_route=\/wp\/v2\/pages\/548\/revisions"}],"predecessor-version":[{"id":854,"href":"https:\/\/asbl-ombrage.be\/index.php?rest_route=\/wp\/v2\/pages\/548\/revisions\/854"}],"wp:attachment":[{"href":"https:\/\/asbl-ombrage.be\/index.php?rest_route=%2Fwp%2Fv2%2Fmedia&parent=548"}],"curies":[{"name":"wp","href":"https:\/\/api.w.org\/{rel}","templated":true}]}}

<p><img loading="lazy" decoding="async" height="16" width="16" alt="🌳" src="https://static.xx.fbcdn.net/images/emoji.php/v9/t6b/1/16/1f333.png">Retour sur notre souper annuel <img loading="lazy" decoding="async" height="16" width="16" alt="🌳" src="https://static.xx.fbcdn.net/images/emoji.php/v9/t6b/1/16/1f333.png"></p>



<p>Notre souper annuel a été une véritable réussite ! Une belle soirée placée sous le signe de la convivialité, des rencontres et du partage</p>



<p>Nous tenons à remercier chaleureusement toutes les personnes présentes, les bénévoles notamment Marie et Lina nos fées de cuisine, ainsi que celles et ceux qui ont contribué, de près ou de loin, à l’organisation de cet événement. Votre présence et votre soutien font toute la différence !</p>



<p>Un merci tout particulier à nos partenaires pour leurs généreux dons, notamment l&rsquo;Intermarché d&rsquo;Hannut et <a href="https://www.facebook.com/sparhelecine?__cft__[0]=AZa-ZWokMwOerbRvSlSdqY3lwN_JeaNA7gh8IAvAJAb0O7O1HQWOpZyAoDbq_xPcO-QcvZD1XOuRG7lW0sOVOk695Fv_2BP7mUZO04GI_xANA7EOuHygU-Uu_T3DgEG7ePv9zcHtfcDIwjaf7vtWGM51jx4n462E6j7F1iBEF_ulqA&amp;__tn__=-]K-R">SPAR Hélécine</a>, qui ont largement contribué au succès de la soirée <img loading="lazy" decoding="async" height="16" width="16" alt="🙏" src="https://static.xx.fbcdn.net/images/emoji.php/v9/t80/1/16/1f64f.png"></p>



<p>Grâce à vous, cette édition restera un très beau souvenir. Nous avons déjà hâte de vous retrouver l’année prochaine !</p>



<p>L’équipe de l&rsquo;<a href="https://www.facebook.com/people/ASBL-Ombrage/100081253300032/?__cft__[0]=AZa-ZWokMwOerbRvSlSdqY3lwN_JeaNA7gh8IAvAJAb0O7O1HQWOpZyAoDbq_xPcO-QcvZD1XOuRG7lW0sOVOk695Fv_2BP7mUZO04GI_xANA7EOuHygU-Uu_T3DgEG7ePv9zcHtfcDIwjaf7vtWGM51jx4n462E6j7F1iBEF_ulqA&amp;__tn__=-]K-R">ASBL Ombrage</a><br></p>



<p></p>



<div class="wp-block-columns is-layout-flex wp-container-core-columns-is-layout-9d6595d7 wp-block-columns-is-layout-flex">
<div class="wp-block-column is-layout-flow wp-block-column-is-layout-flow" style="flex-basis:100%">
<figure class="wp-block-image size-full"><img loading="lazy" decoding="async" width="891" height="720" src="https://asbl-ombrage.be/wp-content/uploads/2026/04/equipe-souper.jpg" alt="" class="wp-image-848" srcset="https://asbl-ombrage.be/wp-content/uploads/2026/04/equipe-souper.jpg 891w, https://asbl-ombrage.be/wp-content/uploads/2026/04/equipe-souper-300x242.jpg 300w, https://asbl-ombrage.be/wp-content/uploads/2026/04/equipe-souper-768x621.jpg 768w, https://asbl-ombrage.be/wp-content/uploads/2026/04/equipe-souper-700x566.jpg 700w" sizes="auto, (max-width: 891px) 100vw, 891px" /></figure>
</div>
</div>



<div class="wp-block-columns is-layout-flex wp-container-core-columns-is-layout-9d6595d7 wp-block-columns-is-layout-flex">
<div class="wp-block-column is-layout-flow wp-block-column-is-layout-flow" style="flex-basis:100%">
<figure class="wp-block-image size-full"><img loading="lazy" decoding="async" width="720" height="960" src="https://asbl-ombrage.be/wp-content/uploads/2026/04/Equipe-souper-2.jpg" alt="" class="wp-image-846" srcset="https://asbl-ombrage.be/wp-content/uploads/2026/04/Equipe-souper-2.jpg 720w, https://asbl-ombrage.be/wp-content/uploads/2026/04/Equipe-souper-2-225x300.jpg 225w, https://asbl-ombrage.be/wp-content/uploads/2026/04/Equipe-souper-2-600x800.jpg 600w, https://asbl-ombrage.be/wp-content/uploads/2026/04/Equipe-souper-2-700x933.jpg 700w" sizes="auto, (max-width: 720px) 100vw, 720px" /></figure>
</div>
</div>



<div class="wp-block-columns is-layout-flex wp-container-core-columns-is-layout-9d6595d7 wp-block-columns-is-layout-flex">
<div class="wp-block-column is-layout-flow wp-block-column-is-layout-flow" style="flex-basis:100%">
<figure class="wp-block-image size-full"><img loading="lazy" decoding="async" width="960" height="720" src="https://asbl-ombrage.be/wp-content/uploads/2026/04/equipe-souper-1.jpg" alt="" class="wp-image-845" srcset="https://asbl-ombrage.be/wp-content/uploads/2026/04/equipe-souper-1.jpg 960w, https://asbl-ombrage.be/wp-content/uploads/2026/04/equipe-souper-1-300x225.jpg 300w, https://asbl-ombrage.be/wp-content/uploads/2026/04/equipe-souper-1-768x576.jpg 768w, https://asbl-ombrage.be/wp-content/uploads/2026/04/equipe-souper-1-800x600.jpg 800w, https://asbl-ombrage.be/wp-content/uploads/2026/04/equipe-souper-1-700x525.jpg 700w" sizes="auto, (max-width: 960px) 100vw, 960px" /></figure>
</div>
</div>



<figure class="wp-block-image size-large"><img loading="lazy" decoding="async" width="1024" height="473" src="https://asbl-ombrage.be/wp-content/uploads/2026/04/Equipe-souper-3-1024x473.jpg" alt="" class="wp-image-847" srcset="https://asbl-ombrage.be/wp-content/uploads/2026/04/Equipe-souper-3-1024x473.jpg 1024w, https://asbl-ombrage.be/wp-content/uploads/2026/04/Equipe-souper-3-300x138.jpg 300w, https://asbl-ombrage.be/wp-content/uploads/2026/04/Equipe-souper-3-768x354.jpg 768w, https://asbl-ombrage.be/wp-content/uploads/2026/04/Equipe-souper-3-1536x709.jpg 1536w, https://asbl-ombrage.be/wp-content/uploads/2026/04/Equipe-souper-3-700x323.jpg 700w, https://asbl-ombrage.be/wp-content/uploads/2026/04/Equipe-souper-3.jpg 1560w" sizes="auto, (max-width: 1024px) 100vw, 1024px" /></figure>

<p>Retour sur notre souper annuel Notre souper annuel a été une véritable réussite ! Une belle soirée placée sous le signe de la convivialité, des rencontres et du partage Nous tenons à remercier chaleureusement toutes les personnes présentes, les bénévoles notamment Marie et Lina nos&#8230;</p>
